(61 - 13 - 29)?
-9
What is 49 + -62 - (1 + 2 - 13)?
-3
Evaluate (4 - 8 - -9) + -1 - (15 + 6).
-17
What is the value of 0 + -5 + 16 + -2 + (-9 - -3)?
3
What is the value of (-14 - -33) + (2 - (3 + 5) - 0)?
13
Evaluate (-18 - -4 - (-22 + -1)) + -4.
5
-2 - (-2 - -4) - 0 - (-144 - -152)
-12
What is the value of -9 + -3 + 7 + -1 + -11 + 3?
-14
What is the value of (1 - -23 - (167 + -147)) + 2 + 24?
30
What is (27 - (23 - -32)) + -6?
-34
What is -12 + -39 + 52 - (0 - (27 - -1))?
29
What is (1 - (6 + -18)) + -18?
-5
Calculate 0 + (-10 + 25 - 25).
-10
Evaluate -29 + 18 - 24 - -7.
-28
What is the value of -16 + -8 + 12 - 8?
-20
What is -6 + (6 - ((-6 - 5) + 22))?
-11
Evaluate (17 + -11 - (-5 + 18 + 5)) + -7.
-19
Evaluate -30 + (3 - 2) + -51 + 59.
-21
Evaluate -5 + -27 + 20 - (-28 + -1).
17
-96 - -62 - (-24 - -4)
-14
Calculate -13 + (2 - -9) + 6 + -14.
-10
Evaluate -5 - (-6 - (2 + 4 + -7)).
0
-3 + (9 - 9) + -2 + 7 + -9
-7
Calculate -2 + (5 - (17 - 17)).
3
Calculate -60 - (-5 - 62) - (0 + -6).
13
-68 + 56 + (-10 - -2 - 4)
-24
What is 1 + 21 + (-23 - (7 + -20))?
12
19 - (2 - (19 + -10) - -5)
21
Calculate 7 - ((-2 + 4 - (-1 - -5)) + 13).
-4
Calculate -3 - (6 + 0 + -1 + 0 + 0).
-8
What is (29 - 32) + -9 - -43?
31
28 - 7 - (-39 - -61)
-1
What is -7 + -21 + 21 + -3 + (2 - -14)?
6
What is the value of -4 + 11 + -6 - (-12 + 19) - 0?
-6
What is the value of 42 + -23 - 13 - (0 + 18)?
-12
What is the value of -18 - ((15 - 8) + 0 + (-5 - 5))?
-15
What is the value of -10 - -13 - (6 - -1 - 2)?
-2
What is -5 - ((-86 - -83) + 4 + 0)?
-6
Evaluate 9 + -5 + 7 + -20 + 11.
2
What is 57 + -60 - (1 - 0) - 11?
-15
Evaluate 14 + (-9 + -4 - -1).
2
Calculate 4 - (22 + -13 + 11).
-16
Evaluate -1 - -1 - 0 - -3 - (-241 + 249).
-5
3 + (-2 - ((-6 - -6) + 0 - 2))
3
Evaluate 2 + (8 - (-6 + 19 + -11)).
8
Calculate (-39 - (-50 + 12) - (0 - 11)) + -20.
-10
-1 + 2 - 4 - ((31 - 84) + 31)
19
What is the value of (-4 - -3) + 2 - -12?
13
What is the value of -7 + (30 - (-5 + (-9 - -16)))?
21
Calculate (-13 - -25) + -2 + -5.
5
Calculate (-14 - -40 - 24) + -33.
-31
Evaluate -1 + -3 + -25 + (-4 - -15).
-18
Calculate (4 - -1) + (-37 - -35) + 11 + 2.
16
(14 - 7) + -6 + 4 + 2 + -6
1
Evaluate -4 - (0 + 15 + -7).
-12
What is the value of -13 + 0 + (20 - (14 - 3))?
-4
Evaluate 1 + 7 - (-17 - -26).
-1
2 - (2 + -4 - (1 - (6 + -3)))
2
What is 28 - (28 + (-30 - 1))?
31
10 - (9 + 10) - -2
-7
What is the value of -36 - (-67 + 33 + 2)?
-4
What is (3 - 6) + 12 + -2 + -7?
0
Calculate 16 - (15 - 14 - -6).
9
Evaluate 11 + -1 + 3 + 1 + (51 - 46).
19
((6 - 2) + -2 - (29 + -23)) + -3
-7
Evaluate 49 + (-12 - 11) - 20.
6
Calculate 39 - (33 - (-25 + 10)).
-9
Calculate 23 + -45 + (34 - 41).
-29
Calculate (-65 - -117 - 55) + (36 - -1).
34
What is (-47 - -29) + 53 - 57?
-22
What is the value of -4 + 1 - (215 - 214) - -10?
6
Calculate 23 + (5 + -9 + 8 - 11).
16
What is -3 + (-193 + 210 - (8 - 0))?
6
369 - 364 - ((3 - 1) + 0 + -2)
5
Evaluate (7 - (5 + 4)) + -5.
-7
Evaluate -15 + (-5 - (3 + -12)).
-11
What is the value of 7 + 9 + -115 + 89?
-10
(2 - (-9 - -5)) + 9 + -16 + 10
9
Calculate (2 - (1 - 4)) + (2 - 10).
-3
What is -8 + -3 + 34 + -12 + 18?
29
3 + 3 + 2 + -5 + -2 + -9
-8
(-1013 - -1091) + -47 + 2
33
28 + (5 - (16 - -7))
10
Evaluate -21 + 61 - 60 - (-3 + (1 - -1)).
-19
Evaluate -89 + 89 + (2 - (-1 - (-7 + -3))).
-7
What is -51 - (11 - (19 + 15))?
-28
(-6 - (-14 - -5)) + -3 + -10 + -6
-16
What is -2 + -8 + (-27 - (-10 - (3 + -7)))?
-31
-3 - (-1 + -5) - (18 + (7 - 1))
-21
What is 4 + (-15 + 7 - -8) - (-4 + -1)?
9
Evaluate 11 + (8 - 38 - -12) - 11.
-18
What is (4 + -7 - 0) + -6 - 0?
-9
Calculate 8 + (-35 + 16 - -21) + 0 + -43.
-33
21 + (-17 - (4 - 10))
10
Calculate 4 - (0 - (-3 + -5 + -6)).
-10
Calculate (1 - 1 - (3 - (-6 - -13))) + 3.
7
(9 - 21 - 2) + 21
7
What is the value of (29 - -1) + (-32 - (-40 - -12))?
26
0 - (-1 + (5 - 7))
3
(24 - 2) + -9 + (-3 - 4)
6
Evaluate (-10 - -2) + 11 + 1 - 5.
-1
Calculate 9 + (-11 - (-28 + 15)).
11
Evaluate -2 + 5 + -6 + -7 + (-10 - -28).
8
What is -28 + 23 + (-8 - -2 - (-31 - -1))?
19
What is the value of -706 + 706 + -1 + (-1 - 14)?
-16
Calculate 5 - (-26 + (-5 - -51)).
-15
What is 17 + -12 - (0 + 3 + 10 + -2)?
-6
(4 - 0) + (12 - (11 + -15) - 40)
-20
Calculate 22 + -5 + (16 - 15 - 35).
-17
-4 - -5 - (33 + -30 + (-13 - 3))
14
What is the value of (-51 - -37) + (10 - 3 - 2)?
-9
What is (109 - 129 - -10) + (-1 - (-24 + 0))?
13
Evaluate 2 - (-3 - 7 - -24) - (2 - 0).
-14
Evaluate 12 + (23 - 13 - 11).
11
What is 6 - (9 + -20 + (8 - 8) + 2)?
15
What is the value of 1 - ((7 - 2 - 1) + (7 - 7))?
-3
Evaluate (-9 - 6 - -27) + -32.
-20
Evaluate -6 - (-22 + 1 + 6).
9
Evaluate 47 + (56 - 94) - (0 - 1 - -1).
9
What is -16 + -2 + (33 - 21)?
-6
What is the value of -14 - (-13 + (-4 - -5))?
-2
What is the value of (-54 - -55) + (-18 - -1)?
-16
-7 + 11 + -18 + 14 + -16 - 9
-25
Calculate -2 + (1 - -4) - (306 - 309).
6
Evaluate 31 - (-13 + 21 + 36).
-13
What is -9 + 11 - ((-11 - -19) + -7)?
1
(2 - 1) + 34 + -31 + -17 + 1
-12
-10 + 13 + 4 + 5 + -1
11
17 - (15 + -17) - 9
10
What is 0 - 15 - (-111 + 81 + -24)?
39
-12 + 5 - (-2 - (-9 - -4) - -1)
-11
-9 + (8 - (-7 - (6 + -6)))
6
(3 - 3) + (6 - (17 - 8)) - 13
-16
What is the value of (8 - 12) + (-5 - 1)?
-10
Calculate -2 - (5 - (-6 + 22)).
9
What is (-9 - 0) + 13 + 17 + -6?
15
What is 10 + -16 - 2 - 5?
-13
Evaluate -11 + -1 - (-556 - -560).
-16
What is -1 + 13 - (-6 + -1 + (-20 - -33))?
6
Calculate (31 - 16) + 1 - (-3 + (-2 - -13)).
8
Calculate 12 - (26 + -28 + -2).
16
Calculate -10 + (17 - 4) + -2.
1
What is the value of -16 + -16 + 6 + 26?
0
What is 8 + (-8 - (28 - 32))?
4
Evaluate -2 + ((-6 - -13) + -1 - 9) + 3.
-2
Calculate (27 - (10 - -5)) + -11 + -2.
-1
Calculate -1 + 0 + (55 - (37 - -1)).
16
What is the value of -5 + 2 - 10 - (347 - 365)?
5
What is the value of -3 + (24 - 16 - -3)?
8
What is -616 - -639 - (1 + 4)?
18
(-8 - 3) + (-4 - -9) - 5
-11
-10 + 15 + (-1 + 3 + -14 - 3)
-10
What is 4 - (-22 + 9 + 3 + (-1 - -1))?
14
What is the value of -15 - (4 + -9) - -47?
37
16 - (3 + 0 - (-7 + (5 - -1)))
12
12 - (-3 + 4 - (-10 - -9))
10
What is 5 + -1 + (-5 - 6) - (138 + -172)?
27
Evaluate 8 + -37 + 52 - 11.
12
What is the value of 10 + -15 + 7 + (-35 - -10)?
-23
Evaluate 5 - (-4 + 5) - (23 - 17) - 8.
-10
-6 - (7 + 2 + -8) - 1
-8
10 - (24 - -1) - -23
8
Calculate -18 + 21 - 22 - (6 + -58).
33
What is 8 - (-2 + 12 + -11 + -2)?
11
Evaluate (-8 + -1 + 7 - -12) + -2 - 22.
-14
Calculate 0 - (-1 + (2 - 1)) - (-20 - 4).
24
What is (10 - 20) + (-26 + 9 - -19)?
-8
Calculate (-3 - (-5 + 2)) + (-7 - -7 - 11).
-11
What is the value of (4 - 2) + -3 + (-16 - -6)?
-11
Evaluate 2 - 2 - 1 - (-10 + (24 - 26)).
11
What is (1 - 1) + -8 + 11 + -13 + 0?
-10
What is (2 - (-2 + 1) - (-388 - -402)) + 9?
-2
29 - 48 - (-6 - -3 - 6)
-10
Evaluate (3 - -22) + -26 + 1.
0
Evaluate -17 + (9 - 1) + 9.
0
(-2 - 1) + -1 - (618 - 617) - 4
-9
9 + (3 - -6 - -7 - 6)
19
Evaluate 1281 - 1231 - (30 + -1).
21
What is 5 + (-32 - (12 + -35))?
-4
-6 - (17 + -9) - -4 - (1 + 0)
-11
Calculate 0 + -2 + 5 + -9 - (-127 - -118).
3
4 + (-7 - (15 + -12))
-6
5 + 4 + -23 + 2 + -2
-14
What is the value of 38 - (25 + -28 + 16)?
25
(-2 - -8) + -12 + (24 - 4)
14
What is -6 - (0 - (-2 - -5)) - (-9 - -13)?
-7
What is the value of 2 + (17 - 7) - (-2 - 17)?
31
What is -5 + (0 - -8) - (3 - 8) - -25?
33
Evaluate (-36 + 21 - -7) + -10.
-18
What is the value of -24 + 22 + 15 + -8?
5
Evaluate 38 - (-19 - -101 - 37).
-7
What is (49 - 43) + (3 - 8) + -5?
-4
Calculate -1 + (-1 - (-6 - 0)) - (-90 + 73).
21
What is the value of (-20 - (3 - 14)) + -1?
-10
Evaluate 6 + (0 - 12 - (43 + -54)).
5
Evaluate (0 - 7) + (-11 - (-6 - -1 - -1)).
-14
Evaluate (-44 - -41) + 0 + (-3 - (-1 + -1)).
-4
Evaluate (0 - -2) + 381 + -375.
8
What is the value of -11 - (4 + 12 + -23) - -22?
18
What is the value of 8 - 12 - (3 - -1)?
-8
Calculate (8 - -12) + (-4 - 9) - (1 + -4).
10
Calculate (-9 - (-7 - -3) - 0) + (39 - 32).
2
What is -20 + (50 - 22 - 14)?
-6
What is the value of 1 + -7 + -2 + (-39 - -60)?
13
Evaluate 6 - 3 - (16 - 16 - -2).
1
Calculate 5 + -1 + 19 + (-45 - -15).
-7
Evaluate 8 - (5 - (10 + 0 + -8)).
5
What is the value of 0 + 6 + (-104 - -76)?
-22
What is 1 + -22 + -383 + 397 + -15?
-22
What is -11 - (-32 - -6) - (1 + (2 - 1))?
13
Calculate (6 